{"id":13,"date":"2019-11-18T15:36:29","date_gmt":"2019-11-18T14:36:29","guid":{"rendered":"http:\/\/hakowiec.iq.pl\/?page_id=13"},"modified":"2020-05-08T10:30:25","modified_gmt":"2020-05-08T08:30:25","slug":"o-nas","status":"publish","type":"page","link":"https:\/\/mptrans.com.pl\/?page_id=13","title":{"rendered":"O nas"},"content":{"rendered":"<div>\n<div>\n<div>\n<div>\n<p style=\"text-align: justify;\">Firma MP-TRANS rozpocz\u0119\u0142a swoj\u0105 dzia\u0142alno\u015b\u0107 na rynku us\u0142ug transportowych w 1998 roku. Obecnie w formie kapita\u0142owej specjalizuje si\u0119 w spedycji i handlu surowcem drzewnym, takim jak: trociny, py\u0142, zr\u0119bki, drewno opa\u0142owe oraz kora sosnowa.<\/p>\n<p style=\"text-align: justify;\">Firma posiada pojazdy typu \u201ehakowiec\u201d wraz z HDS, przystosowane do przewozu materia\u0142\u00f3w sypkich, ci\u0105gniki siod\u0142owe z naczepami typu\u00a0 &#8222;ruchoma pod\u0142oga&#8221;,\u00a0 a tak\u017ce wymienne kontenery, kt\u00f3re wstawia do licznych wsp\u00f3\u0142pracuj\u0105cych tartak\u00f3w, stolarni i zak\u0142ad\u00f3w drzewnych. Dzi\u0119ki temu zapewnia sta\u0142e i terminowe dostawy towaru pod wskazany adres na terenie ca\u0142ego kraju. Nasza kadra, to ludzie z d\u0142ugoletnim sta\u017cem, legitymuj\u0105cy si\u0119 certyfikatami kompetencji zawodowych.<\/p>\n<\/div>\n<\/div>\n<\/div>\n<\/div>\n","protected":false},"excerpt":{"rendered":"<p>Firma MP-TRANS rozpocz\u0119\u0142a swoj\u0105 dzia\u0142alno\u015b\u0107 na rynku us\u0142ug transportowych w 1998 roku. Obecnie w formie kapita\u0142owej specjalizuje si\u0119 w spedycji i handlu surowcem drzewnym, takim jak: trociny, py\u0142, zr\u0119bki, drewno opa\u0142owe oraz kora sosnowa. Firma posiada pojazdy typu \u201ehakowiec\u201d wraz<\/p>\n","protected":false},"author":1,"featured_media":0,"parent":0,"menu_order":2,"comment_status":"closed","ping_status":"closed","template":"","meta":{"footnotes":""},"class_list":["post-13","page","type-page","status-publish","hentry"],"yoast_head":"<!-- This site is optimized with the Yoast SEO plugin v27.4 - https:\/\/yoast.com\/product\/yoast-seo-wordpress\/ -->\n<title>O nas - MP TRANS Sp. z o.o<\/title>\n<meta name=\"robots\" content=\"index, follow, max-snippet:-1, max-image-preview:large, max-video-preview:-1\" \/>\n<link rel=\"canonical\" href=\"https:\/\/mptrans.com.pl\/?page_id=13\" \/>\n<meta property=\"og:locale\" content=\"pl_PL\" \/>\n<meta property=\"og:type\" content=\"article\" \/>\n<meta property=\"og:title\" content=\"O nas - MP TRANS Sp. z o.o\" \/>\n<meta property=\"og:description\" content=\"Firma MP-TRANS rozpocz\u0119\u0142a swoj\u0105 dzia\u0142alno\u015b\u0107 na rynku us\u0142ug transportowych w 1998 roku. Obecnie w formie kapita\u0142owej specjalizuje si\u0119 w spedycji i handlu surowcem drzewnym, takim jak: trociny, py\u0142, zr\u0119bki, drewno opa\u0142owe oraz kora sosnowa. Firma posiada pojazdy typu \u201ehakowiec\u201d wraz\" \/>\n<meta property=\"og:url\" content=\"https:\/\/mptrans.com.pl\/?page_id=13\" \/>\n<meta property=\"og:site_name\" content=\"MP TRANS Sp. z o.o\" \/>\n<meta property=\"article:modified_time\" content=\"2020-05-08T08:30:25+00:00\" \/>\n<meta name=\"twitter:card\" content=\"summary_large_image\" \/>\n<meta name=\"twitter:label1\" content=\"Szacowany czas czytania\" \/>\n\t<meta name=\"twitter:data1\" content=\"1 minuta\" \/>\n<script type=\"application\/ld+json\" class=\"yoast-schema-graph\">{\"@context\":\"https:\\\/\\\/schema.org\",\"@graph\":[{\"@type\":\"WebPage\",\"@id\":\"https:\\\/\\\/mptrans.com.pl\\\/?page_id=13\",\"url\":\"https:\\\/\\\/mptrans.com.pl\\\/?page_id=13\",\"name\":\"O nas - MP TRANS Sp. z o.o\",\"isPartOf\":{\"@id\":\"https:\\\/\\\/mptrans.com.pl\\\/#website\"},\"datePublished\":\"2019-11-18T14:36:29+00:00\",\"dateModified\":\"2020-05-08T08:30:25+00:00\",\"breadcrumb\":{\"@id\":\"https:\\\/\\\/mptrans.com.pl\\\/?page_id=13#breadcrumb\"},\"inLanguage\":\"pl-PL\",\"potentialAction\":[{\"@type\":\"ReadAction\",\"target\":[\"https:\\\/\\\/mptrans.com.pl\\\/?page_id=13\"]}]},{\"@type\":\"BreadcrumbList\",\"@id\":\"https:\\\/\\\/mptrans.com.pl\\\/?page_id=13#breadcrumb\",\"itemListElement\":[{\"@type\":\"ListItem\",\"position\":1,\"name\":\"Home\",\"item\":\"https:\\\/\\\/mptrans.com.pl\\\/\"},{\"@type\":\"ListItem\",\"position\":2,\"name\":\"O nas\"}]},{\"@type\":\"WebSite\",\"@id\":\"https:\\\/\\\/mptrans.com.pl\\\/#website\",\"url\":\"https:\\\/\\\/mptrans.com.pl\\\/\",\"name\":\"MP TRANS Sp. z o.o\",\"description\":\"SKUP, SPRZEDA\u017b I TRANSPORT TARTACZNYCH PRODUKT\u00d3W UBOCZNYCH\",\"publisher\":{\"@id\":\"https:\\\/\\\/mptrans.com.pl\\\/#organization\"},\"potentialAction\":[{\"@type\":\"SearchAction\",\"target\":{\"@type\":\"EntryPoint\",\"urlTemplate\":\"https:\\\/\\\/mptrans.com.pl\\\/?s={search_term_string}\"},\"query-input\":{\"@type\":\"PropertyValueSpecification\",\"valueRequired\":true,\"valueName\":\"search_term_string\"}}],\"inLanguage\":\"pl-PL\"},{\"@type\":\"Organization\",\"@id\":\"https:\\\/\\\/mptrans.com.pl\\\/#organization\",\"name\":\"MP TRANS\",\"url\":\"https:\\\/\\\/mptrans.com.pl\\\/\",\"logo\":{\"@type\":\"ImageObject\",\"inLanguage\":\"pl-PL\",\"@id\":\"https:\\\/\\\/mptrans.com.pl\\\/#\\\/schema\\\/logo\\\/image\\\/\",\"url\":\"https:\\\/\\\/mptrans.com.pl\\\/wp-content\\\/uploads\\\/2019\\\/11\\\/mptrans_logo.jpg\",\"contentUrl\":\"https:\\\/\\\/mptrans.com.pl\\\/wp-content\\\/uploads\\\/2019\\\/11\\\/mptrans_logo.jpg\",\"width\":358,\"height\":62,\"caption\":\"MP TRANS\"},\"image\":{\"@id\":\"https:\\\/\\\/mptrans.com.pl\\\/#\\\/schema\\\/logo\\\/image\\\/\"}}]}<\/script>\n<!-- \/ Yoast SEO plugin. -->","yoast_head_json":{"title":"O nas - MP TRANS Sp. z o.o","robots":{"index":"index","follow":"follow","max-snippet":"max-snippet:-1","max-image-preview":"max-image-preview:large","max-video-preview":"max-video-preview:-1"},"canonical":"https:\/\/mptrans.com.pl\/?page_id=13","og_locale":"pl_PL","og_type":"article","og_title":"O nas - MP TRANS Sp. z o.o","og_description":"Firma MP-TRANS rozpocz\u0119\u0142a swoj\u0105 dzia\u0142alno\u015b\u0107 na rynku us\u0142ug transportowych w 1998 roku. Obecnie w formie kapita\u0142owej specjalizuje si\u0119 w spedycji i handlu surowcem drzewnym, takim jak: trociny, py\u0142, zr\u0119bki, drewno opa\u0142owe oraz kora sosnowa. Firma posiada pojazdy typu \u201ehakowiec\u201d wraz","og_url":"https:\/\/mptrans.com.pl\/?page_id=13","og_site_name":"MP TRANS Sp. z o.o","article_modified_time":"2020-05-08T08:30:25+00:00","twitter_card":"summary_large_image","twitter_misc":{"Szacowany czas czytania":"1 minuta"},"schema":{"@context":"https:\/\/schema.org","@graph":[{"@type":"WebPage","@id":"https:\/\/mptrans.com.pl\/?page_id=13","url":"https:\/\/mptrans.com.pl\/?page_id=13","name":"O nas - MP TRANS Sp. z o.o","isPartOf":{"@id":"https:\/\/mptrans.com.pl\/#website"},"datePublished":"2019-11-18T14:36:29+00:00","dateModified":"2020-05-08T08:30:25+00:00","breadcrumb":{"@id":"https:\/\/mptrans.com.pl\/?page_id=13#breadcrumb"},"inLanguage":"pl-PL","potentialAction":[{"@type":"ReadAction","target":["https:\/\/mptrans.com.pl\/?page_id=13"]}]},{"@type":"BreadcrumbList","@id":"https:\/\/mptrans.com.pl\/?page_id=13#breadcrumb","itemListElement":[{"@type":"ListItem","position":1,"name":"Home","item":"https:\/\/mptrans.com.pl\/"},{"@type":"ListItem","position":2,"name":"O nas"}]},{"@type":"WebSite","@id":"https:\/\/mptrans.com.pl\/#website","url":"https:\/\/mptrans.com.pl\/","name":"MP TRANS Sp. z o.o","description":"SKUP, SPRZEDA\u017b I TRANSPORT TARTACZNYCH PRODUKT\u00d3W UBOCZNYCH","publisher":{"@id":"https:\/\/mptrans.com.pl\/#organization"},"potentialAction":[{"@type":"SearchAction","target":{"@type":"EntryPoint","urlTemplate":"https:\/\/mptrans.com.pl\/?s={search_term_string}"},"query-input":{"@type":"PropertyValueSpecification","valueRequired":true,"valueName":"search_term_string"}}],"inLanguage":"pl-PL"},{"@type":"Organization","@id":"https:\/\/mptrans.com.pl\/#organization","name":"MP TRANS","url":"https:\/\/mptrans.com.pl\/","logo":{"@type":"ImageObject","inLanguage":"pl-PL","@id":"https:\/\/mptrans.com.pl\/#\/schema\/logo\/image\/","url":"https:\/\/mptrans.com.pl\/wp-content\/uploads\/2019\/11\/mptrans_logo.jpg","contentUrl":"https:\/\/mptrans.com.pl\/wp-content\/uploads\/2019\/11\/mptrans_logo.jpg","width":358,"height":62,"caption":"MP TRANS"},"image":{"@id":"https:\/\/mptrans.com.pl\/#\/schema\/logo\/image\/"}}]}},"_links":{"self":[{"href":"https:\/\/mptrans.com.pl\/index.php?rest_route=\/wp\/v2\/pages\/13","targetHints":{"allow":["GET"]}}],"collection":[{"href":"https:\/\/mptrans.com.pl\/index.php?rest_route=\/wp\/v2\/pages"}],"about":[{"href":"https:\/\/mptrans.com.pl\/index.php?rest_route=\/wp\/v2\/types\/page"}],"author":[{"embeddable":true,"href":"https:\/\/mptrans.com.pl\/index.php?rest_route=\/wp\/v2\/users\/1"}],"replies":[{"embeddable":true,"href":"https:\/\/mptrans.com.pl\/index.php?rest_route=%2Fwp%2Fv2%2Fcomments&post=13"}],"version-history":[{"count":8,"href":"https:\/\/mptrans.com.pl\/index.php?rest_route=\/wp\/v2\/pages\/13\/revisions"}],"predecessor-version":[{"id":238,"href":"https:\/\/mptrans.com.pl\/index.php?rest_route=\/wp\/v2\/pages\/13\/revisions\/238"}],"wp:attachment":[{"href":"https:\/\/mptrans.com.pl\/index.php?rest_route=%2Fwp%2Fv2%2Fmedia&parent=13"}],"curies":[{"name":"wp","href":"https:\/\/api.w.org\/{rel}","templated":true}]}}